{"id":8,"date":"2012-02-01T13:56:56","date_gmt":"2012-02-01T13:56:56","guid":{"rendered":"http:\/?page_id=8"},"modified":"2018-07-30T09:31:12","modified_gmt":"2018-07-30T09:31:12","slug":"theatre-shows","status":"publish","type":"page","link":"https:\/\/www.thehorseinart.nl\/?page_id=8","title":{"rendered":"Theatre Shows"},"content":{"rendered":"<p><strong>This list mentions\u00a0shows and performances in which the art and history of the horse\u00a0plays an important role.<\/strong><\/p>\n<p>The Netherlands:<\/p>\n<p><a href=\"https:\/\/www.destormruiter.nl\/tickets-english\/\">De Stormruiter, WTC Expo Leeuwarden, 6 September 2018 &#8211; 7 October 2018<\/a><\/p>\n<p><a href=\"http:\/\/levendpaardenmuseum.nl\/\">De Vondelcarrousel in de Hollandsche Manege, Vondelstraat 140, Amsterdam<\/a><\/p>\n<p>France:<\/p>\n<p><a href=\"http:\/\/www.ifce.fr\/cadre-noir\/visites-et-galas\/\">Cadre Noir de l&#8217;Ecole Nationale d&#8217;Equitation, Saumur-Terrefort<\/a><\/p>\n<p><a href=\"http:\/\/www.domainedechantilly.com\/fr\/accueil\/grandes-ecuries\/\">Mus\u00e9e Vivant du Cheval, Spectacles, Les Grandes Ecuries, Chantilly<\/a><\/p>\n<p><a href=\"http:\/\/bartabas.fr\/academie-equestre-de-versailles\/spectacle\/\">Acad\u00e9mie du Spectacle Equestre, Man\u00e8ge de la Grande Ecurie du Ch\u00e2teau de Versailles<\/a><\/p>\n<p><a href=\"http:\/\/bartabas.fr\/theatre-zingaro\/presentation\/\">Th\u00e9\u00e2tre Equestre Zingaro, Fort d&#8217;Aubervilliers, Aubervilliers<\/a><\/p>\n<p>Germany:<\/p>\n<p><a href=\"http:\/\/www.hofreitschule.de\/page\/page_ID\/199\">F\u00fcrstliche Hofreitschule, B\u00fcckeburg<\/a><\/p>\n<p>United States of America:<\/p>\n<p><a href=\"http:\/\/www.noblehorsechicago.com\/index.html\">Noble Horse Theatre<\/a>, Chicago Ill.<\/p>\n<p><a href=\"http:\/\/www.thedancinghorses.com\/show.aspx\">The Dancing Horses Theatre<\/a>, Lake Geneva, Delavan WI<\/p>\n<p><a href=\"http:\/\/hlipizzans.com\/\">The World Famous Lippizaner Stallions, Lippizaner Stallions Inc., Oviedo FL<\/a><\/p>\n<p><a href=\"http:\/\/www.warhorseonbroadway.com\/\">War Horse in the\u00a0Lincoln Center Theater<\/a>, Vivian Beaumont Theater,\u00a0New York<\/p>\n<p>Austria:<\/p>\n<p><a href=\"https:\/\/www.viennaclassic.com\/de\/musicals-shows\/spanische-hofreitschule.html\" target=\"_blank\" rel=\"noopener\">Die Spanische Hofreitschule zu Wien, Vienna<\/a><\/p>\n<p>Portugal:<\/p>\n<p><a href=\"http:\/\/www.lusitano.dk\/Escola.htm\" target=\"_blank\" rel=\"noopener\">Escola Portuguesa de Arte Ecuestre, Lissabon<\/a><\/p>\n<p>Spain:<\/p>\n<p><a href=\"http:\/\/www.realescuela.org\/ing\/home.htm\">Real Escuela Andaluza del Arte Equestre, Jerez\u00a0<\/a><\/p>\n<p>Italy:<\/p>\n<p><a href=\"http:\/\/www.teatroequestrecimarosa.it\/\" target=\"_blank\" rel=\"noopener\">Teatro Equestre Cimarosa, Palermo<\/a><\/p>\n<p>China:<\/p>\n<p><a href=\"http:\/\/heilanequestrian.com\/\" target=\"_blank\" rel=\"noopener\">Heilan Equestrian Club, Xinqiao, Jiangyin, province of Jiangsu<\/a><\/p>\n<p>&nbsp;<\/p>\n<p>&nbsp;<\/p>\n","protected":false},"excerpt":{"rendered":"<p>This list mentions\u00a0shows and performances in which the art and history of the horse\u00a0plays an important role. The Netherlands: De Stormruiter, WTC Expo Leeuwarden, 6 September 2018 &#8211; 7 October 2018 De Vondelcarrousel in de Hollandsche Manege, Vondelstraat 140, Amsterdam France: Cadre Noir de l&#8217;Ecole Nationale d&#8217;Equitation, Saumur-Terrefort Mus\u00e9e Vivant du Cheval, Spectacles, Les Grandes &hellip; <a href=\"https:\/\/www.thehorseinart.nl\/?page_id=8\" class=\"more-link\">Lees verder <span class=\"screen-reader-text\">Theatre Shows<\/span> <span class=\"meta-nav\">&rarr;<\/span><\/a><\/p>\n","protected":false},"author":1,"featured_media":0,"parent":0,"menu_order":0,"comment_status":"open","ping_status":"open","template":"","meta":{"footnotes":""},"class_list":["post-8","page","type-page","status-publish","hentry"],"yoast_head":"<!-- This site is optimized with the Yoast SEO plugin v27.5 - https:\/\/yoast.com\/product\/yoast-seo-wordpress\/ -->\n<title>Theatre shows with horses<\/title>\n<meta name=\"description\" content=\"Horses as actors, theatre, show, dressage,\" \/>\n<meta name=\"robots\" content=\"index, follow, max-snippet:-1, max-image-preview:large, max-video-preview:-1\" \/>\n<link rel=\"canonical\" href=\"https:\/\/www.thehorseinart.nl\/?page_id=8\" \/>\n<meta property=\"og:locale\" content=\"nl_NL\" \/>\n<meta property=\"og:type\" content=\"article\" \/>\n<meta property=\"og:title\" content=\"Theatre shows with horses\" \/>\n<meta property=\"og:description\" content=\"Horses as actors, theatre, show, dressage,\" \/>\n<meta property=\"og:url\" content=\"https:\/\/www.thehorseinart.nl\/?page_id=8\" \/>\n<meta property=\"og:site_name\" content=\"The Horse in Art\" \/>\n<meta property=\"article:publisher\" content=\"https:\/\/www.facebook.com\/boudewijn.commandeur\" \/>\n<meta property=\"article:modified_time\" content=\"2018-07-30T09:31:12+00:00\" \/>\n<meta name=\"twitter:card\" content=\"summary_large_image\" \/>\n<meta name=\"twitter:label1\" content=\"Verwachte leestijd\" \/>\n\t<meta name=\"twitter:data1\" content=\"1 minuut\" \/>\n<script type=\"application\/ld+json\" class=\"yoast-schema-graph\">{\"@context\":\"https:\\\/\\\/schema.org\",\"@graph\":[{\"@type\":\"WebPage\",\"@id\":\"https:\\\/\\\/www.thehorseinart.nl\\\/?page_id=8\",\"url\":\"https:\\\/\\\/www.thehorseinart.nl\\\/?page_id=8\",\"name\":\"Theatre shows with horses\",\"isPartOf\":{\"@id\":\"https:\\\/\\\/www.thehorseinart.nl\\\/#website\"},\"datePublished\":\"2012-02-01T13:56:56+00:00\",\"dateModified\":\"2018-07-30T09:31:12+00:00\",\"description\":\"Horses as actors, theatre, show, dressage,\",\"breadcrumb\":{\"@id\":\"https:\\\/\\\/www.thehorseinart.nl\\\/?page_id=8#breadcrumb\"},\"inLanguage\":\"nl-NL\",\"potentialAction\":[{\"@type\":\"ReadAction\",\"target\":[\"https:\\\/\\\/www.thehorseinart.nl\\\/?page_id=8\"]}]},{\"@type\":\"BreadcrumbList\",\"@id\":\"https:\\\/\\\/www.thehorseinart.nl\\\/?page_id=8#breadcrumb\",\"itemListElement\":[{\"@type\":\"ListItem\",\"position\":1,\"name\":\"Home\",\"item\":\"https:\\\/\\\/www.thehorseinart.nl\\\/\"},{\"@type\":\"ListItem\",\"position\":2,\"name\":\"Theatre Shows\"}]},{\"@type\":\"WebSite\",\"@id\":\"https:\\\/\\\/www.thehorseinart.nl\\\/#website\",\"url\":\"https:\\\/\\\/www.thehorseinart.nl\\\/\",\"name\":\"The Horse in Art\",\"description\":\"The Role of the Horse in Art and History\",\"potentialAction\":[{\"@type\":\"SearchAction\",\"target\":{\"@type\":\"EntryPoint\",\"urlTemplate\":\"https:\\\/\\\/www.thehorseinart.nl\\\/?s={search_term_string}\"},\"query-input\":{\"@type\":\"PropertyValueSpecification\",\"valueRequired\":true,\"valueName\":\"search_term_string\"}}],\"inLanguage\":\"nl-NL\"}]}<\/script>\n<!-- \/ Yoast SEO plugin. -->","yoast_head_json":{"title":"Theatre shows with horses","description":"Horses as actors, theatre, show, dressage,","robots":{"index":"index","follow":"follow","max-snippet":"max-snippet:-1","max-image-preview":"max-image-preview:large","max-video-preview":"max-video-preview:-1"},"canonical":"https:\/\/www.thehorseinart.nl\/?page_id=8","og_locale":"nl_NL","og_type":"article","og_title":"Theatre shows with horses","og_description":"Horses as actors, theatre, show, dressage,","og_url":"https:\/\/www.thehorseinart.nl\/?page_id=8","og_site_name":"The Horse in Art","article_publisher":"https:\/\/www.facebook.com\/boudewijn.commandeur","article_modified_time":"2018-07-30T09:31:12+00:00","twitter_card":"summary_large_image","twitter_misc":{"Verwachte leestijd":"1 minuut"},"schema":{"@context":"https:\/\/schema.org","@graph":[{"@type":"WebPage","@id":"https:\/\/www.thehorseinart.nl\/?page_id=8","url":"https:\/\/www.thehorseinart.nl\/?page_id=8","name":"Theatre shows with horses","isPartOf":{"@id":"https:\/\/www.thehorseinart.nl\/#website"},"datePublished":"2012-02-01T13:56:56+00:00","dateModified":"2018-07-30T09:31:12+00:00","description":"Horses as actors, theatre, show, dressage,","breadcrumb":{"@id":"https:\/\/www.thehorseinart.nl\/?page_id=8#breadcrumb"},"inLanguage":"nl-NL","potentialAction":[{"@type":"ReadAction","target":["https:\/\/www.thehorseinart.nl\/?page_id=8"]}]},{"@type":"BreadcrumbList","@id":"https:\/\/www.thehorseinart.nl\/?page_id=8#breadcrumb","itemListElement":[{"@type":"ListItem","position":1,"name":"Home","item":"https:\/\/www.thehorseinart.nl\/"},{"@type":"ListItem","position":2,"name":"Theatre Shows"}]},{"@type":"WebSite","@id":"https:\/\/www.thehorseinart.nl\/#website","url":"https:\/\/www.thehorseinart.nl\/","name":"The Horse in Art","description":"The Role of the Horse in Art and History","potentialAction":[{"@type":"SearchAction","target":{"@type":"EntryPoint","urlTemplate":"https:\/\/www.thehorseinart.nl\/?s={search_term_string}"},"query-input":{"@type":"PropertyValueSpecification","valueRequired":true,"valueName":"search_term_string"}}],"inLanguage":"nl-NL"}]}},"_links":{"self":[{"href":"https:\/\/www.thehorseinart.nl\/index.php?rest_route=\/wp\/v2\/pages\/8","targetHints":{"allow":["GET"]}}],"collection":[{"href":"https:\/\/www.thehorseinart.nl\/index.php?rest_route=\/wp\/v2\/pages"}],"about":[{"href":"https:\/\/www.thehorseinart.nl\/index.php?rest_route=\/wp\/v2\/types\/page"}],"author":[{"embeddable":true,"href":"https:\/\/www.thehorseinart.nl\/index.php?rest_route=\/wp\/v2\/users\/1"}],"replies":[{"embeddable":true,"href":"https:\/\/www.thehorseinart.nl\/index.php?rest_route=%2Fwp%2Fv2%2Fcomments&post=8"}],"version-history":[{"count":64,"href":"https:\/\/www.thehorseinart.nl\/index.php?rest_route=\/wp\/v2\/pages\/8\/revisions"}],"predecessor-version":[{"id":2030,"href":"https:\/\/www.thehorseinart.nl\/index.php?rest_route=\/wp\/v2\/pages\/8\/revisions\/2030"}],"wp:attachment":[{"href":"https:\/\/www.thehorseinart.nl\/index.php?rest_route=%2Fwp%2Fv2%2Fmedia&parent=8"}],"curies":[{"name":"wp","href":"https:\/\/api.w.org\/{rel}","templated":true}]}}